 are the prime factors of j?
2, 31
Let h(v) = v + 1. Suppose -b + 0*d + 15 = -4*d, -4*b - 2*d = -42. What are the prime factors of h(b)?
2, 3
Let m(z) = -z - 2. Let v(y) = -y**3 + 6*y**2 - 4*y + 14. Let r be v(6). What are the prime factors of m(r)?
2
Let j(g) = -g**2 - 10*g - 12. Let k be j(-8). Suppose -4*h + 80 = 3*u - 6*h, -k*u + 88 = 2*h. Let q = u - 8. List the prime factors of q.
2
Suppose -c + 4*j + 204 = 0, j - 6 = -1. List the prime factors of c.
2, 7
Suppose -2*i - 3*g = -48 - 3, 0 = 5*i - 4*g - 139. What are the prime factors of i?
3
Let u = 72 - 24. List the prime factors of u.
2, 3
What are the prime factors of (-556)/(-12) + (-1)/3?
2, 23
Suppose -3*g = -g - 12. Let k = -2 + g. Suppose -k*l + 0*l - 12 = 0, 0 = -5*q - 2*l + 54. What are the prime factors of q?
2, 3
Suppose -5*q + 14 = -126. List the prime factors of q.
2, 7
Suppose 3*x - x + 3*m = 32, -5*x + 103 = -4*m. What are the prime factors of x?
19
Let a be ((-25)/(-10))/((-2)/(-4)). Suppose 5*s + a*t - 40 = 0, -t + 2 = s - 2*t. Suppose -2*u + s = -19. What are the prime factors of u?
2, 3
Suppose -2*o + 23 + 25 = 0. Suppose -5*w + 0*w = 3*m - o, -5*w - 28 = -m. What are the prime factors of m?
13
Let x be -5*((-26)/(-5) - -2). Let u = x - -51. What are the prime factors of u?
3, 5
Let o(m) = 1 - 3*m - 2 - 1. Let w be o(-2). Suppose -w*y - 5 = -21. List the prime factors of y.
2
What are the prime factors of ((-20)/(-6))/(44/330)?
5
Suppose 4*l + 17 - 29 = 0. Suppose l = -3*h + 51. List the prime factors of h.
2
Let g = 122 + -60. What are the prime factors of g?
2, 31
Let p(b) = -13*b + 10. Let r be p(7). Let d = -52 - r. What are the prime factors of d?
29
Suppose -4*a = 5*y - 74, 3*a - a + 54 = 4*y. Let r = 28 - y. What are the prime factors of r?
2, 7
Suppose 11*h = 14*h - 213. What are the prime factors of h?
71
Let n = 655 + -387. List the prime factors of n.
2, 67
Suppose 0 = -4*d - n + 2*n + 42, 41 = 3*d + 4*n. Let h = d - 7. Suppose h*j = 4*y - 32, 2*j + 3 = -5. What are the prime factors of y?
2
Suppose 4*r - 2*r + 4 = 0. Let f = 59 + r. Suppose -f = -5*v - 7. List the prime factors of v.
2, 5
List the prime factors of -1 - ((-2)/(-1) + -75).
2, 3
What are the prime factors of 12996/108 - 1/3?
2, 3, 5
Suppose -12*a = -7*a - 555. What are the prime factors of a?
3, 37
Let y(n) be the third derivative of 3*n**2 - 2/3*n**3 + 0 + 0*n - 1/6*n**4. What are the prime factors of y(-4)?
2, 3
Let h(n) = -n**3 - 7*n**2 - 6*n - 4. Let x be h(-6). Suppose -2 = -3*f + 19. Let t = x + f. What are the prime factors of t?
3
Let w = -18 + 11. Let x(d) = -d + 1. What are the prime factors of x(w)?
2
Let a = -12 - -16. Suppose 0 = -a*o - 43 + 187. What are the prime factors of o?
2, 3
Let j = -9 + 14. Suppose -j*s + 70 + 65 = 0. What are the prime factors of s?
3
Suppose 8*h = 5*h + 192. What are the prime factors of h?
2
Let w(k) = 10*k - 34. List the prime factors of w(12).
2, 43
Let v(o) = 27*o**3 + 2*o**2 - 1. Let d be v(1). Suppose 4 - d = -3*h. List the prime factors of h.
2
Suppose 0 = 4*g + 9*q - 8*q - 309, -4*q - 132 = -2*g. What are the prime factors of g?
2, 19
Suppose -1 = h - 3. Suppose -4*n + h = -118. List the prime factors of 1/6 - (-205)/n.
7
Let l(y) = -y - 2. Suppose 7 = m + 4*t, 2*t = 5*m + 25 + 6. Let v be l(m). Suppose 0 = v*k - 4*n - 17, -4*n + 16 = -0. What are the prime factors of k?
11
What are the prime factors of 3 + 0 + (-445)/20*-4?
2, 23
List the prime factors of (-4)/(-4)*59*1.
59
Let c(b) = b - 5. Let a be c(5). Suppose a = o + o - 24. List the prime factors of o.
2, 3
Let t(i) = 15*i**2 - i. What are the prime factors of t(-1)?
2
Let m(z) = z**3 - 10*z**2 + 8*z + 13. Let l be m(9). What are the prime factors of (l + -2)/((-2)/(-20))?
2, 5
Let a = 14 - 15. What are the prime factors of ((-10)/(-12))/(a/(-6))?
5
Let t(l) = -l**2 + 2*l - 3. Let m be t(2). Let p = -3 - m. Suppose 2*w + 3 - 19 = p. List the prime factors of w.
2
What are the prime factors of (-3 + (-26)/(-6))/(2/315)?
2, 3, 5, 7
Let j(t) = 6*t + 1 - 2*t + 5*t**2 - t + t**3. Suppose 0 = -4*m - 8 - 8. List the prime factors of j(m).
5
Let m(q) = -q**2 - 10*q - 5. Let u be m(-9). Suppose -u*z + 48 = -0*r + 4*r, -z = -2*r - 9. What are the prime factors of z?
11
Suppose 3*l - 33 = 4*s, -2*l + 28 = -4*s + 2*l. Let b be (18/12)/((-1)/s). List the prime factors of (b/4)/((-3)/(-8)).
2, 3
Suppose -o - 114 = -3*o. List the prime factors of o.
3, 19
Let l(c) be the first derivative of 3*c**2 + c + 5. Suppose -5*n = -3*p + 34, p - n - 6 = 2. What are the prime factors of l(p)?
19
List the prime factors of 61 + (-1 - -1)*1/(-2).
61
Suppose -5*z + 6*l - 3*l - 52 = 0, 0 = -z - l - 4. Suppose 5*w - 6*w - 3 = 0. Let h = w - z. What are the prime factors of h?
5
Let q(s) = -34*s**3 + s**2 + 3*s + 3. What are the prime factors of q(-2)?
3, 7, 13
Let u(t) = 5*t - 10. What are the prime factors of u(8)?
2, 3, 5
Let f = 45 - 24. What are the prime factors of f?
3, 7
Let w(h) = -12*h - 13. What are the prime factors of w(-3)?
23
Let m be (12/8)/(3/4). Suppose m*p + 25 = 3*p. Let c = p + -13. What are the prime factors of c?
2, 3
Let f(y) = y**3 + 3*y**2 - 10*y + 7. List the prime factors of f(4).
79
Let d = 112 + -53. List the prime factors of d.
59
Suppose 5*d - 25 = u - 3*u, -2*d = -u - 10. Suppose u = -4*g + 78 - 30. Suppose -4 = -2*p + g. List the prime factors of p.
2
Suppose 5*t = 0, 0 = -w + 3*t + 2*t + 113. What are the prime factors of w?
113
Suppose 1 = u - 3. Suppose 1 - 2 = 2*l - 5*w, -2 = -3*l + u*w. Suppose l*r - 5 = 3. List the prime factors of r.
2
Let q = 11 + -3. Let d(r) be the first derivative of r**2/2 + 3*r + 1. List the prime factors of d(q).
11
Let k(g) = -g + 14. Suppose -4*z = 3*i - 42, -5*z - 5*i + 26 = -2*z. List the prime factors of k(z).
2
Suppose 2 = -2*r, -2*p - r + 47 = -6*r. Let g = p - 14. Let s = 16 - g. List the prime factors of s.
3
Let z = 809 - 492. List the prime factors of z.
317
Let q be 2 + 2*9/6. Suppose 5*s + 3*a - 45 = 4*a, 0 = -3*s + q*a + 5. Let l = -2 + s. List the prime factors of l.
2
Let u be (-348)/(-22) - (-14)/77. Suppose -5*b = -4 - u. Suppose 4*x - 3*s = 43, -b*s - s - 24 = -3*x. List the prime factors of x.
13
Let m(x) = 2*x + 5. Let l be m(11). Let v = l + -4. List the prime factors of v.
23
Let h be (-519)/27 - 2/(-9). Let d = h + 29. Suppose d + 0 = z. List the prime factors of z.
2, 5
Let n = -7 + 9. Let m(c) = c**n + c - 5 + 14 - 1. What are the prime factors of m(0)?
2
Suppose 2*c = -4*l + 160, 4*l + c - 164 = -2*c. Suppose 0 = 5*t - 138 + l. List the prime factors of t.
2, 5
Let h = 107 + -54. List the prime factors of h.
53
Let w(z) = -z**2 - 4*z + 4. Let l be w(-6). What are the prime factors of (-51)/(-1)*l/(-12)?
2, 17
Suppose -6 = -6*r + 3*r. Let s(u) = 2*u + 2. Let g be s(r). List the prime factors of g/2 + (-1)/(-1).
2
Let w be 213/(-21) - 2/(-14). Let d be (0 + -1)*7*-3. Let v = w + d. What are the prime factors of v?
11
Suppose -3 = -0*s + 5*s + f, -3*s - 9 = 3*f. Let c = 2 + s. What are the prime factors of c?
2
Suppose -3*v + 2 + 10 = 0. Suppose -v*h = h. Suppose -25 = -5*f, -4*t + 7*t + 2*f - 52 = h. List the prime factors of t.
2, 7
What are the prime factors of (-134)/(-2)*1 - (0 + 2)?
5, 13
Let s(u) = -u**2 + 4*u + 3. Let t be s(5). Let o(c) = -4*c**3 + 2*c. Let i be o(t). Suppose -i + 78 = 5*v. What are the prime factors of v?
2, 5
Suppose -2*a + 33 = -15. List the prime factors of a.
2, 3
Suppose -16 = -2*z + 2*y, 2*z + 5*y = 3*z - 20. What are the prime factors of ((-6)/z)/(2/(-25))?
3, 5
Suppose -9 - 6 = -3*s. Let t(k) = -k**2 + 5*k + 3. Let z be t(s). Suppose 5*h = 2*h + 4*y + 17, z*h - 25 = -4*y. What are the prime factors of h?
7
Suppose -3*j + n - 4*n = -69, -j + 14 = -2*n. Suppose -k + j = 3*k. Suppose 0 = -5*c + k*w + 30, 2*w + 20 = 3*c - 0*w. List the prime factors of c.
2
Suppose -21 = -0*b - b. What are the prime factors of b?
3, 7
Let i(u) = -u**2. Suppose k + 10 = -4*k. Let n be i(k). What are the prime factors of ((-10)/(-4))/((-2)/n)?
5
Let v(p) = 2*p**2. List the prime factors of v(-1).
2
Let x = 33 - 54. Let u = x - -40. What are the prime factors of u?
19
Let z = -19 - -48. Suppose 75 = 3*l + 5*t - 4*t, -t = -l + z. List the prime factors of l.
2, 13
Suppose -3*q - 1 + 10 = 0. Suppose i + q - 11 = 0. List